-16)/(-28632))?
1
Let l(h) = -19*h + 4. Let w(o) = 5*o - 1. Let n(z) = -4*l(z) - 18*w(z). Let u be n(-3). What is the units digit of u + (3 - (-3 - -8))?
2
Let w(f) = -299*f - 597. What is the hundreds digit of w(-9)?
0
Let i(w) = -3*w + 1. Let h be i(-2). Suppose -h*z = -631 + 197. What is the tens digit of z?
6
Suppose -4*j + 41 + 3451 = 2*z, z = 4*j - 3504. What is the units digit of j?
5
Suppose -5*t = -6*t - 174. Let x = t - -271. What is the units digit of x?
7
Let w(g) = 156 - 10*g - 74 - 110. What is the tens digit of w(-9)?
6
Let y = 2107 + -1613. What is the tens digit of y?
9
Let t(s) = -31*s + 44. What is the tens digit of t(-19)?
3
Let l be -1 + 3 + 6*1. Suppose -5*w = -l*w + 6. What is the units digit of w?
2
Suppose 5*i = -3*b + 5937, -i - 5938 = -6*i - 2*b. What is the hundreds digit of i?
1
Let o be ((-2)/(-4))/((-2)/(-16)). What is the units digit of (-6)/(o + (-38)/8)?
8
Let u be -188*(-10)/12*54/60. What is the units digit of (13/39)/(283/u + -2)?
7
Let s(w) = w**3 + 12*w**2 - 3*w + 1. Suppose -3*f - f + 3*t - 42 = 0, -46 = 4*f - t. What is the units digit of s(f)?
7
Suppose 3723 = 3*j + 1155. What is the hundreds digit of j?
8
Suppose 3811 - 1451 = 5*f + 5*v, -3*v = 4*f - 1886. What is the hundreds digit of f?
4
Let m(p) be the second derivative of -3*p**3/2 - 2*p**2 + 2*p. What is the units digit of m(-2)?
4
Let x(p) = -2*p + 12. Suppose -14 = -4*w - j, 2*j + 5 = -w + 4*w. Suppose -w*b = -2*b + 7. What is the units digit of x(b)?
6
Let r = -3274 + 5418. What is the hundreds digit of r?
1
Let l be 2*(-1)/(-2)*-27. Let v = 52 + l. What is the tens digit of v?
2
Let n = 3029 - 623. What is the tens digit of n?
0
Suppose 5*c - 128 = c. Suppose -6*q + q + 209 = w, 0 = 2*q + w - 86. Let o = q - c. What is the units digit of o?
9
Suppose -19 = x - 3*k, -k + 17 = 2*x + 4*k. Let f(q) = 0*q + 5*q - q**3 - 2*q**2 - 2 + q**2. What is the tens digit of f(x)?
2
Let m = 1442 + -568. What is the hundreds digit of m?
8
Suppose 4*t - 879 = -3*u, t = -4*t + 5*u + 1055. Suppose 6*j - 846 = -t. What is the hundreds digit of j?
1
Let k(r) be the third derivative of r**5/30 + 3*r**3/2 + 18*r**2. What is the hundreds digit of k(7)?
1
Let g = 5 + -3. Suppose 3*s = -g*i + 75, 5*s - 96 = 2*s + 5*i. Suppose -2*z = -23 - s. What is the tens digit of z?
2
Let g = -220 - -153. Let b = 101 + g. What is the tens digit of b?
3
Suppose -8*y + 6*y = -2*n - 10, -y = -4*n - 11. What is the tens digit of y*(-48)/18*-29?
3
Let l be 18/30*(4 - -1). Let h(p) = -89*p - 1. Let g be h(-1). Suppose -l*b = -7*b + g. What is the units digit of b?
2
Suppose 0 = -3*x - 5*u - 5, -4*u + 2 = -2*x - 6*u. Suppose 5*f - f - 16 = x. What is the units digit of f?
4
Suppose -5*a + 39 = -u, 6*u - 3*a = 3*u - 57. Suppose 0 = -0*b + 5*b + 10. Let i = b - u. What is the tens digit of i?
1
What is the tens digit of 1579 - ((6/(-1))/6)/1?
8
Let j = 22 + 167. What is the units digit of j?
9
Let b be 1 - (4 + 0)/(-4). Let p(y) = 27*y - 3. What is the tens digit of p(b)?
5
Let b(u) = u - 17. Let a be b(13). What is the tens digit of ((-135)/(-10))/((-2)/a)?
2
Suppose -4*q = 5*n + 3, -q + 0 + 6 = -n. Suppose 3*f - 362 = -q*t - 137, -3*t = 0. Suppose 3*d + 2*j - f = 0, 3*d + d = -5*j + 93. What is the units digit of d?
7
Suppose -3*z + 46 + 260 = 0. Let u = -30 + z. Suppose -24 = -4*j + u. What is the units digit of j?
4
Let n = 1204 - 557. What is the tens digit of n?
4
Suppose 59*r = 63*r - 1472. What is the units digit of r?
8
Suppose -20*g + 4606 = -6994. What is the units digit of g?
0
Let w be (33/(-6) - -5) + (-357)/(-2). Let j = 323 - w. What is the units digit of j?
5
Let p be (-4)/6*18/(-3). Let w(v) = -2*v - 8. Let q be w(-5). Suppose 0 = f + d - q*d - 36, 149 = p*f + d. What is the units digit of f?
7
Let r(w) = 17*w - 29. Let a(z) = 85*z - 147. Let i(h) = 2*a(h) - 11*r(h). What is the hundreds digit of i(-10)?
1
Let j be (9/(-6))/(6/(-20)). Let r = -210 + 297. Suppose -j*z = -113 - r. What is the tens digit of z?
4
Let s be (-160)/16*(-4)/10. Let m(w) = -4*w + 4. Let z be m(s). Let q = z + 14. What is the units digit of q?
2
Suppose 4*z - 2*y - 206 = 0, -3*y + 148 = 3*z + 2*y. Let m = 89 - z. What is the units digit of m?
8
Let g be (-137)/(-9) - 16/72. Suppose q - 6*q + g = 0. Suppose 4*v - 13 = 3*v - 5*h, -q*h + 27 = 3*v. What is the units digit of v?
8
Let y(n) = -2*n**3 - 27*n**2 - 12*n - 22. What is the tens digit of y(-15)?
3
Let n(u) = 4*u - 10. Let f be n(3). Suppose -4*t = -14 - f. Suppose 3*z + z - t*d = 180, 4*d - 170 = -3*z. What is the units digit of z?
0
Let m(a) = -39*a**3 - a**2 + 4*a - 1. Let u be m(-3). Suppose -u = -7*h + 908. What is the units digit of h?
7
Let u(z) = -z**2 - 44*z + 12. What is the tens digit of u(-39)?
0
Let u(a) = -a**3 - a - 2. Let m be u(-2). Let d = 1 + -3. Let q = m + d. What is the units digit of q?
6
Suppose -2*u = -5*p, 0*u = -5*u - 5*p. Let n(x) = u*x**2 + x + x**2 + x + 2*x. What is the units digit of n(-6)?
2
Let a = 3 + -8. Let l(z) = -2*z**3 + z**3 - 4*z**2 + 14 + 2*z - 11. What is the tens digit of l(a)?
1
Let g(f) = 2*f**3 - 58*f**2 + 5*f - 10. What is the hundreds digit of g(29)?
1
Suppose -22 = -7*n + 13. Suppose -n*b = -2*b. Let a(k) = k + 18. What is the units digit of a(b)?
8
Let u be ((-20)/6)/(8/(-12)). Suppose 4*v = -19 - u. What is the tens digit of (-8)/v*75/10?
1
Let o(v) = 20*v**2 - 19*v - 21*v**2 - 8*v**2 + 6 - v**3. What is the tens digit of o(-8)?
9
Let q = 13 - 10. Suppose 3*a + 6*o - 213 = 4*o, -q*a = -2*o - 213. What is the units digit of a?
1
Let q(y) be the third derivative of y**6/120 - y**5/60 - y**4/6 + 3*y**2. Let j be q(3). Suppose -2*i = -8 - j. What is the units digit of i?
7
Suppose 10*m + 357 = 1067. What is the units digit of m?
1
Suppose -3*j + 2*d = -1434, 2*j + 3*j - 4*d = 2392. What is the hundreds digit of j?
4
Suppose -o + 137 = -275. What is the hundreds digit of o?
4
Let o = 1502 - 755. What is the tens digit of o?
4
Suppose -o = 56 - 213. Let a = 232 - o. What is the tens digit of a?
7
Let h(f) = f. Let k = -7 - -12. Let l be h(k). Suppose -s - 3 = -l. What is the units digit of s?
2
What is the thousands digit of (1314/(-45) - 13)*(-115 - 0)?
4
What is the thousands digit of (-880194)/(-874) - (-2)/(-23)?
1
Let q(o) = -4*o**3 + 5*o**3 + 10*o**2 - 13*o + 2 + 2. Let w be q(-11). Suppose -w = -g - 4*p, -4*g - g + 166 = 2*p. What is the units digit of g?
4
Suppose j - 3*t = t + 2023, j = -t + 2038. What is the units digit of j?
5
Let r = 2 - 1. Let q be -4*((-3)/12 - r). Suppose 3*x + q*b - 16 = 0, 0 = -5*x - 0*b + 3*b + 38. What is the units digit of x?
7
Suppose -3*r - 18 - 15 = f, -f - 2*r = 33. What is the tens digit of (6/9)/((-1)/f)?
2
Let s = -842 + 1235. What is the hundreds digit of s?
3
Suppose 5882 = 2*t + 11*x - 12*x, -14727 = -5*t - 3*x. What is the tens digit of t?
4
Suppose -q - 27 - 8 = 0. Suppose 5*c - 380 = 4*t, 128 = 3*c + 2*t - 78. Let v = c + q. What is the tens digit of v?
3
Let f = 4 - 6. Let i be (52/6)/(f/6). Let b = 55 + i. What is the units digit of b?
9
Suppose 0 = -2*s - 4*f + 622, -1 = -3*f + 2*f. What is the hundreds digit of s?
3
What is the units digit of (-40524)/(-14) - (-24)/56?
5
Suppose 0 = -c - 2*n + 194, 3*c + 2*n = -n + 579. Let g = c - 126. What is the units digit of g?
6
Let l be (-1 - -1)*2/(-2). Suppose l = 2*o - 2 - 2. What is the tens digit of 2/(o*(-2)/(-34))?
1
Let t(k) = -k**2 - 6*k - 5. Let y be t(-4). Suppose -93 = -3*i - 5*s, 2*i = -y*i - 2*s + 155. What is the units digit of i?
1
Let r be 4*(15/4 - 3). Suppose r*l + 16 = -5*w + 72, -2*l = -4*w - 8. Let u = l - -49. What is the units digit of u?
1
Suppose -42*y + 41*y + 425 = 0. What is the hundreds digit of y?
4
Let k(o) be the second derivative of o**5/30 - o**4/8 - o**3/6 + o**2 + 4*o. Let t(r) be the first derivative of k(r). What is the units digit of t(-3)?
6
Let l(n) be the first derivative of 2*n**3 - n**2/2 - 7*n + 53. Suppose 2*i - 7 = -1. What is the units digit of l(i)?
4
What is the tens digit of 1966/5*65/26?
8
Suppose 4*f - 6*f = -4. Suppose -252 = -s - f*t, -5*s - t - 841 + 2074 = 0. What is the units digit of s?
6
Suppose 3*g = x + 830, 0 = 2*g - 5*x - 712 + 137. Suppose 5*w - 4*m = 278, -5*w = -6*m + m - g. What is the units digit of w?
8
Let f = -5 - 12. Let q(v) =